).
556
Let o(q) = q**2 - 6*q + 9. What is o(3)?
0
Let t(k) = -224*k + 13888. Calculate t(62).
0
Let c(d) = -138*d**2 - 3*d + 5. Calculate c(1).
-136
Let t(x) = -5*x**3 + 78*x**2 - 113*x + 1. What is t(14)?
-13
Let t(f) = f**2 + 19*f - 240. Determine t(-29).
50
Let l(u) = 155*u + 13. Determine l(1).
168
Let a(z) = -2*z**3 - 40*z**2 + 9*z + 166. Determine a(-20).
-14
Let y(v) = -175*v + 2269. Determine y(13).
-6
Let n(x) = 335*x + 2356. Calculate n(-7).
11
Let b(z) = -136*z**2 + 561*z - 51. Calculate b(4).
17
Let v(p) = 438*p - 5318. Give v(12).
-62
Let q(u) = u**3 - 15*u**2 + 29*u - 7. Give q(13).
32
Let m(f) = 2*f**3 + 34*f**2 + 56*f + 380. What is m(-16)?
-4
Let u(i) = -14*i + 3. Calculate u(-7).
101
Let j(w) = 1135*w + 7991. Calculate j(-7).
46
Let a(x) = x**3 + 29*x**2 + 151*x - 18. Determine a(-8).
118
Let w(o) = -2*o + 148. What is w(13)?
122
Let j(l) = -l**2 - 18*l - 7. Determine j(-29).
-326
Let w(m) = 1141*m + 7974. What is w(-7)?
-13
Let j(n) = -2*n - 216. Give j(-31).
-154
Let z(b) = -91*b - 1785. Give z(-24).
399
Let o(q) = q**2 + 49*q - 827. Calculate o(13).
-21
Let r(a) = 5*a**3 + 34*a**2 - 4*a + 10. What is r(-7)?
-11
Let v(a) = a**2 + 147*a + 1106. Give v(-8).
-6
Let f(r) = 2*r**3 + 12*r**2 + 5*r - 31. What is f(-5)?
-6
Let x(k) = 69*k - 1588. What is x(23)?
-1
Let c(i) = 4*i**2 - 67*i + 80. Calculate c(14).
-74
Let s(d) = 5*d**3 - 103*d**2 + 152*d - 6. Determine s(19).
-6
Let a(t) = -5*t**2 - 258*t - 122. Give a(-50).
278
Let z(t) = -t**2 + 29*t + 1. Give z(12).
205
Let a(m) = m**3 + 29*m**2 - 64*m - 40. Give a(-31).
22
Let j(r) = 4*r**3 - 2*r - 24. What is j(3)?
78
Let l(z) = -z**2 + 83*z - 711. Give l(62).
591
Let t(k) = -5*k**2 - 6*k - 11. Determine t(-6).
-155
Let r(g) = -g**3 + 12*g**2 - 12*g + 135. What is r(12)?
-9
Let u(t) = -t**3 - 31*t**2 + 35*t + 99. Give u(-32).
3
Let n(r) = -205*r - 190. Give n(3).
-805
Let m(p) = -9*p**3 - 67*p**2 - 108*p - 10. Give m(-5).
-20
Let o(y) = 16*y**2 - 4*y + 8. Calculate o(-2).
80
Let k(f) = 88*f + 2290. Calculate k(-26).
2
Let j(z) = 5*z**2 + 151*z + 1052. Give j(-11).
-4
Let r(g) = -2*g**2 + 175*g - 507. Determine r(3).
0
Let b(p) = p**2 + 15*p + 1. Calculate b(-14).
-13
Let r(z) = -86*z - 1561. Give r(-17).
-99
Let h(b) = -104*b - 281. Calculate h(-3).
31
Let h(t) = -2*t**2 - 28*t - 92. Give h(-5).
-2
Let p(u) = 4314*u + 17300. Determine p(-4).
44
Let o(k) = 193*k + 985. Give o(-5).
20
Let t(j) = -j**2 + 117*j - 867. Give t(109).
5
Let j(f) = -2*f**3 - 54*f**2 - 9*f - 237. Calculate j(-27).
6
Let g(x) = -840*x + 906. What is g(1)?
66
Let k(w) = w**3 - 62*w**2 + 53*w + 449. What is k(61)?
-39
Let h(l) = -l**3 + 16*l**2 + 150*l + 301. Calculate h(-4).
21
Let a(f) = -86*f**2 - 179*f - 20. Give a(-2).
-6
Let q(p) = -4*p**3 - 6*p**2 - 7*p - 5. Give q(-1).
0
Let m(u) = u**3 + 23*u**2 + 62*u + 122. Determine m(-20).
82
Let t(k) = 3*k**3 + 38*k**2 - 5*k - 27. Calculate t(-11).
633
Let r(f) = -2412*f + 7239. Determine r(3).
3
Let w(f) = 2*f**3 - 22*f**2 + 59*f. Give w(4).
12
Let u(t) = -10*t - 112. Give u(-9).
-22
Let p(q) = q**2 + 32*q + 214. Give p(23).
1479
Let y(o) = -o**3 - 12*o**2 - 10*o + 64. Determine y(-10).
-36
Let p(h) = -29*h**2 - 6206*h + 3. Calculate p(-214).
3
Let m(f) = f**3 - 34*f**2 - 193*f - 66. What is m(39)?
12
Let l(c) = c**2 + 13*c - 42. Calculate l(-16).
6
Let r(m) = -2*m**3 - 2*m**2 + 7*m - 6. Determine r(2).
-16
Let a(m) = -5*m**2 + 115*m - 132. Give a(22).
-22
Let w(c) = -c**3 - 59*c**2 + 2202*c + 213. What is w(26)?
5
Let a(k) = 5*k + 562. Calculate a(9).
607
Let z(y) = -13*y + 765. What is z(62)?
-41
Let s(f) = 10*f**3 + 31*f**2 + 4*f + 18. What is s(-3)?
15
Let b(i) = -3*i**3 - 7*i - 21. Determine b(-2).
17
Let g(y) = 11*y**2 + 505*y + 150. Give g(-45).
-300
Let t(j) = -2*j**3 + 24*j**2 + 73*j - 9. Give t(-3).
42
Let v(c) = -2*c**3 - 17*c**2 + 9*c + 1. Determine v(-8).
-135
Let d(c) = 697*c - 23717. Give d(34).
-19
Let b(w) = 186*w**2 - 739*w - 12. What is b(4)?
8
Let a(o) = 2*o**3 + 161*o**2 + 1223*o - 78. Calculate a(-72).
-6
Let f(m) = -21*m**2 + 2336*m - 557. Calculate f(111).
-2
Let q(a) = -2*a**3 - 12*a**2 + 2*a - 24. Give q(-6).
-36
Let a(j) = -15*j - 62. Give a(4).
-122
Let u(x) = -37*x - 106. Give u(-2).
-32
Let c(s) = 14*s - 233. Calculate c(17).
5
Let c(m) = -m**3 + 63*m**2 + 54*m + 605. Determine c(64).
-35
Let n(b) = -13*b**2 + 56*b - 263. Give n(5).
-308
Let o(z) = -z**3 + 7*z**2 + 50*z - 11. Determine o(10).
189
Let t(a) = -a**3 + a**2 - 18*a + 69. Calculate t(0).
69
Let q(t) = 494*t + 11871. Give q(-24).
15
Let w(l) = -3*l**2 + 216*l + 10. What is w(72)?
10
Let b(x) = x**3 + 62*x**2 - 337*x - 128. Calculate b(-67).
6
Let d(s) = 1697*s - 15121. What is d(9)?
152
Let n(a) = a**3 - 4*a**2 - 8*a - 37. Determine n(6).
-13
Let k(q) = 187*q - 1678. What is k(9)?
5
Let g(j) = -4207*j + 21036. What is g(5)?
1
Let n(s) = 17*s**2 - 973*s + 221. Give n(57).
-7
Let b(n) = n**3 - 21*n**2 + 49*n + 196. Calculate b(18).
106
Let r(j) = -2*j**2 + 30*j - 34. Determine r(16).
-66
Let u(p) = -3*p**3 - 163*p**2 + 113*p + 158. Give u(-55).
-7
Let b(z) = -24*z + 382. Give b(17).
-26
Let p(g) = 177*g - 2026. Determine p(9).
-433
Let z(u) = 2392*u - 7169. Calculate z(3).
7
Let l(h) = 21*h - 264. Give l(14).
30
Let q(t) = 49*t**2 - 96*t. What is q(2)?
4
Let w(m) = 1118*m + 10067. Determine w(-9).
5
Let c(k) = 297*k - 2658. Give c(9).
15
Let s(j) = 17*j**2 + 108*j - 20. Determine s(-7).
57
Let f(y) = y**2 + 545*y - 15453. Determine f(27).
-9
Let r(o) = 781*o + 202283. Calculate r(-259).
4
Let g(o) = -o**3 - 38*o**2 + 37*o + 2741. Calculate g(-37).
3
Let n(g) = -5*g**3 + 24*g**2 + 18*g + 15. Give n(7).
-398
Let f(b) = 248*b - 4176. Calculate f(17).
40
Let d(y) = -7*y**2 - 205*y + 360. Determine d(-31).
-12
Let u(g) = 4*g**2 + 161*g + 1457. Calculate u(-14).
-13
Let v(s) = 4*s**3 + 25*s**2 + 12*s + 9. What is v(-6)?
-27
Let k(j) = 3*j**3 - 13*j**2 + 6*j - 12. Calculate k(3).
-30
Let g(y) = 7*y**2 + 181*y + 669. Determine g(-4).
57
Let n(d) = -3*d**2 + 17*d + 144. Determine n(10).
14
Let b(g) = 197*g + 196. Determine b(-1).
-1
Let d(f) = -241*f + 16637. Determine d(69).
8
Let i(l) = l**2 - 106*l - 600. Give i(-6).
72
Let j(u) = 23*u**2 + 43*u + 24. Determine j(-1).
4
Let o(d) = -42*d**2 - 976*d + 30. What is o(-24)?
-738
Let w(s) = -s**2 - 311*s + 4857. Determine w(15).
-33
Let g(b) = b**3 + 2*b**2 - 56*b - 197. What is g(-4)?
-5
Let k(s) = 42*s + 1821. Determine k(-43).
15
Let u(w) = -137*w - 220. Determine u(-4).
328
Let l(u) = -272*u - 3524. Determine l(-13).
12
Let m(r) = -2*r**2 - 23*r - 68. Give m(-7).
-5
Let i(d) = -d**3 + 13*d**2 + 9*d + 33. Give i(14).
-37
Let d(h) = 2*h**2 - 8*h - 78. What is d(0)?
-78
Let o(c) = -10*c - 170. What is o(-16)?
-10
Let c(h) = h**3 + 12*h**2 - 5*h + 6. Give c(-4).
154
Let r(n) = -n**2 - 2*n - 20. Give r(-4).
-28
Let m(w) = -6508*w + 45546. Give m(7).
-10
Let b(l) = 5*l**2 + 263*l + 182. Give b(-52).
26
Let n(a) = 4*a**2 + 202*a + 85. Determine n(-50).
-15
Let d(n) = 7*n**3 - 3*n**2 - 3*n + 7. Give d(-2).
-55
Let a(f) = -1038*f + 7258. Give a(7).
-8
Let q(m) = -m**3 - 26*m**2 + 455*m - 22. Determine q(-38).
16
Let i(w) = 913*w - 2747. What is i(3)?
-8
Let u(h) = 2*h**3 - 16*h**2 + 4*h - 131. Give u(6).
-251
Let c(k) = -38*k**2 + k - 65. What is c(0)?
-65
Let z(a) = -a**2 + 47*a - 380. Give z(22).
170
Let n(b) = -2*b - 146. Calculate n(14).
-174
Let l(n) = n**3 + 51*n**2 - 112*n - 54. Calculate l(-53).
264
Let l(k) = 28*k**2 - 47*k - 5. Determine l(2).
13
Let f(q) = q**3 - 15*q**2 - 2370*q + 37659. What is f(16)?
-5
Let g(z) = -218*z - 2469. Give g(-11).
-71
Let o(z) = -528*z - 110872. Determine o(-210).
8
Let a(w) = 3*w**2 - 85*w + 718. Determine a(11).
146
Let g(u) = u**3 - 51*u**2 + 98*u - 16. Determine g(49).
-16
Let t(p) = 222*p - 1125. Calculate t(5).
-15
Let q(h) = 142*h - 194. Calculate q(1).
-52
Let i(z) = 132*z**2 - 535*z + 1. What is i(4)?
-27
Let u(l) = 404*l**2 + 9*l - 10. Give u(1).
403
Let i(x) = 119*x - 10012. Determine i(84).
-16
Let a(p) = -86*p - 83. Give a(-6).
433
Let x(h) = h**3 + 28*h**2 - 819*h - 160. Calculate x(18).
2
Let t(h) = -h**3 - 14*h**2 - 36*h - 103. Determine t(-12).
41
Let h(j) = j**3 + 13*j**2 + 22*j - 150. Determine h(-7).
-10
Let t(j) = 23*j**2 + 8*j + 10. Determine t(-2).
86
Let t(n) = -1233*n +